489
What are the prime factors of 1812465680?
2, 5, 41, 552581
What are the prime factors of 14966681?
17, 41, 109, 197
What are the prime factors of 17486103?
3, 5828701
What are the prime factors of 4190746705?
5, 2003, 418447
List the prime factors of 5304849518.
2, 31, 85562089
List the prime factors of 513424904.
2, 1987, 32299
What are the prime factors of 26065721?
11, 2369611
What are the prime factors of 197965139?
197965139
What are the prime factors of 290474582?
2, 59, 2461649
What are the prime factors of 108997263?
3, 2111, 5737
List the prime factors of 566108148.
2, 3, 1399, 33721
List the prime factors of 448339106.
2, 224169553
List the prime factors of 494839156.
2, 7, 17672827
List the prime factors of 69569489.
11, 1997, 3167
What are the prime factors of 721535167?
29, 24880523
What are the prime factors of 815900079?
3, 179, 281, 5407
List the prime factors of 325099950.
2, 3, 5, 7, 269, 1151
What are the prime factors of 102340500?
2, 3, 5, 68227
List the prime factors of 56448424.
2, 61, 131, 883
List the prime factors of 1470780001.
7283, 201947
What are the prime factors of 28405154?
2, 1693, 8389
What are the prime factors of 36273520?
2, 5, 41, 11059
What are the prime factors of 846446002?
2, 423223001
What are the prime factors of 572198266?
2, 37, 89, 283, 307
What are the prime factors of 6401646387?
3, 67, 10616329
What are the prime factors of 338606690?
2, 5, 23, 1472203
What are the prime factors of 1381353599?
19, 353, 205957
List the prime factors of 22658618.
2, 97, 116797
List the prime factors of 43323782.
2, 21661891
What are the prime factors of 877655124?
2, 3, 17, 1434077
What are the prime factors of 356324393?
37, 167, 57667
List the prime factors of 1063914833.
83, 1297, 9883
List the prime factors of 13472530.
2, 5, 29, 46457
List the prime factors of 1725994793.
103, 16757231
List the prime factors of 237101635.
5, 17, 953, 2927
What are the prime factors of 49715761?
19, 433, 6043
What are the prime factors of 7893598046?
2, 3946799023
What are the prime factors of 7363436505?
3, 5, 127, 3865321
List the prime factors of 1360548321.
3, 11, 103, 36389
What are the prime factors of 815996233?
13, 89, 705269
What are the prime factors of 3005791797?
3, 29, 83, 416257
What are the prime factors of 3122600813?
3122600813
What are the prime factors of 6855171509?
6855171509
List the prime factors of 2096467056.
2, 3, 797, 6089
List the prime factors of 67773293.
7, 9681899
What are the prime factors of 28281433?
28281433
What are the prime factors of 1009208441?
31, 3449, 9439
What are the prime factors of 146275186?
2, 19, 47, 81901
What are the prime factors of 286342168?
2, 7, 499, 10247
List the prime factors of 1138628324.
2, 5527, 51503
What are the prime factors of 184033595?
5, 4877, 7547
What are the prime factors of 1101229536?
2, 3, 11, 17, 61343
List the prime factors of 32513511.
3, 10837837
What are the prime factors of 1387818123?
3, 829, 558029
What are the prime factors of 13132904?
2, 1641613
What are the prime factors of 58566090?
2, 3, 5, 11, 177473
What are the prime factors of 3120035428?
2, 780008857
List the prime factors of 2521242552.
2, 3, 89, 797, 1481
What are the prime factors of 51295884?
2, 3, 173, 24709
List the prime factors of 27277918.
2, 2269, 6011
What are the prime factors of 4378249720?
2, 5, 13, 701, 12011
List the prime factors of 80051497.
103, 777199
List the prime factors of 1379292928.
2, 13, 414451
List the prime factors of 117344880.
2, 3, 5, 17, 9587
What are the prime factors of 627875042?
2, 17, 457, 2377
List the prime factors of 89499805.
5, 17899961
List the prime factors of 1511296177.
1511296177
What are the prime factors of 1699358531?
13, 130719887
What are the prime factors of 92167473?
3, 30722491
List the prime factors of 18552484.
2, 461, 10061
What are the prime factors of 21827045?
5, 4365409
List the prime factors of 147446993.
9011, 16363
List the prime factors of 3071128675.
5, 401, 306347
List the prime factors of 3934535.
5, 11, 71537
List the prime factors of 30424082.
2, 13, 31, 37747
What are the prime factors of 708858120?
2, 3, 5, 127, 193, 241
What are the prime factors of 170012819?
29, 79, 74209
What are the prime factors of 93950342?
2, 46975171
List the prime factors of 676778468.
2, 8461, 19997
List the prime factors of 43980667.
257, 171131
List the prime factors of 49040151.
3, 59, 277063
List the prime factors of 1500384913.
19, 78967627
What are the prime factors of 59409325?
5, 83, 28631
What are the prime factors of 18808617?
3, 29, 37, 5843
What are the prime factors of 221705829?
3, 2737109
What are the prime factors of 270416048?
2, 7, 373, 6473
List the prime factors of 205425654.
2, 3, 7, 17, 31, 9281
What are the prime factors of 603604358?
2, 7, 223, 397, 487
List the prime factors of 5406694.
2, 2703347
What are the prime factors of 283041577?
7, 13, 827, 3761
List the prime factors of 113019660.
2, 3, 5, 13, 48299
List the prime factors of 177556440.
2, 3, 5, 73, 20269
List the prime factors of 56503297.
31, 59, 30893
What are the prime factors of 1736162577?
3, 73, 2642561
What are the prime factors of 81553787?
7, 281, 5923
List the prime factors of 1468878165.
3, 5, 397, 27407
What are the prime factors of 29751519?
3, 7, 1416739
List the prime factors of 217497592.
2, 13, 17, 9463
What are the prime factors of 2413070813?
19, 691, 183797
List the prime factors of 316033099.
19, 443, 37547
List the prime factors of 806416519.
5147, 156677
List the prime factors of 5193237765.
3, 5, 137, 1187, 2129
List the prime factors of 64392456.
2, 3, 23, 31, 53, 71
What are the prime factors of 210629427?
3, 70209809
What are the prime factors of 771620462?
2, 385810231
List the prime factors of 259971655.
5, 271, 191861
List the prime factors of 271720480.
2, 5, 1698253
List the prime factors of 52618122.
2, 3, 29, 100801
List the prime factors of 777889.
7, 111127
What are the prime factors of 1103089813?
7, 587, 38351
What are the prime factors of 9636310144?
2, 1481, 50833
What are the prime factors of 658307265?
3, 5, 7, 11, 23, 24781
What are the prime factors of 1034015210?
2, 5, 103401521
List the prime factors of 231835390.
2, 5, 23183539
What are the prime factors of 56163882?
2, 3, 9360647
What are the prime factors of 436628330?
2, 5, 73, 103, 5807
List the prime factors of 6164474057.
7, 17, 19, 137, 2843
What are the prime factors of 1702551832?
2, 212818979
What are the prime factors of 4787911267?
4787911267
What are the prime factors of 3450341776?
2, 7, 30806623
List the prime factors of 149387691.
3, 23, 2165039
What are the prime factors of 767337824?
2, 11, 139, 15683
List the prime factors of 811722507.
3, 31, 53, 164683
List the prime factors of 95342848.
2, 131, 2843
List the prime factors of 4210197306.
2, 3, 7, 103, 139033
What are the prime factors of 37200212?
2, 7, 189797
List the prime factors of 513097403.
7, 13, 5638433
What are the prime factors of 55124403?
3, 821, 22381
What are the prime factors of 59436354?
2, 3, 137, 72307
List the prime factors of 3193215591.
3, 83, 137, 93607
What are the prime factors of 7159135841?
11, 13, 2161, 23167
What are the prime factors of 21958552?
2, 7, 11, 43, 829
List the prime factors of 33707957.
17, 19, 79, 1321
List the prime factors of 1167086406.
2, 3, 83, 2343547
What are the prime factors of 1171924441?
137, 8554193
List the prime factors of 6177774319.
6177774319
What are the prime factors of 20462361?
3, 1597, 4271
List the prime factors of 94396249.
167, 565247
What are the prime factors of 105128328?
2, 3, 2027, 2161
What are the prime factors of 89866553?
7, 12838079
What are the prime factors of 2736475477?
127, 21547051
What are the prime factors of 2192783781?
3, 281, 2601167
What are the prime factors of 152463823?
152463823
What are the prime factors of 2451541261?
13, 61, 73, 42349
What are the prime factors of 110715749?
110715749
List the prime factors of 28137676.
2, 7, 1004917
What are the prime factors of 132013013?
11, 173, 69371
List the prime factors of 39511599.
3, 1481, 8893
What are the prime factors of 190602395?
5, 19, 2006341
List the prime factors of 1015347447.
3, 53, 709537
What are the prime factors of 